 What is the hundreds digit of q(-4)?
0
Suppose -151*b - 106849 = -5*k - 153*b, -k + 21377 = -2*b. What is the hundreds digit of k?
3
Let f(r) = r**2 + r - 13. Let l be f(7). Suppose -l*k + 254 = -42*k. Let x = -181 + k. What is the units digit of x?
3
Let x(j) = 9*j**2 - 107*j + 48. What is the ten thousands digit of x(-31)?
1
Let n be (-52)/(-20) + (-4)/(-10). Suppose -4*v + 1 = -5*a - 44, 4*a + 40 = 4*v. Suppose 424 = 3*w + 2*u, 5*u - 279 = -v*w + n*w. What is the tens digit of w?
4
Let y(j) = 6*j**2 + 9*j + 10. Let x(r) = 5*r - 136. Let p be x(27). What is the units digit of y(p)?
7
Suppose -89346 = -26*o + 48974. What is the hundreds digit of o?
3
Let q = 1732 - 806. Let u = 1722 - q. What is the units digit of u?
6
Suppose -2527 = -3*w + 2*k, -2*w + 863 = -2*k - 827. What is the tens digit of w?
3
Let g be (-14)/((-98)/(-3045))*(1 - 0). What is the tens digit of (g/4)/(15/(-40))?
9
Let p(n) = n**2 + 15*n - 21. Let h be p(-18). Suppose a - 17 = 3*m, -5*a + 5*m + 2 + h = 0. What is the tens digit of 2006/30 + a/15?
6
Suppose -2*o - 3 + 5 = -2*n, 5*o = -4*n + 41. Suppose -20 = -n*l, -l = -5*j - 2*l + 25. Suppose j*f = f + 195. What is the units digit of f?
5
What is the hundreds digit of 93841/(-22)*(-4)/2?
5
Let s = 58284 + 3134. What is the hundreds digit of s?
4
Let u(t) = -17*t**3 + t**2 + 4*t. Suppose -26*k = -31*k - 10. What is the tens digit of u(k)?
3
Let t = -267 - -141. Suppose 3*y + 873 = -3*k - 0*k, 5*y = -3*k - 1445. Let h = t - y. What is the units digit of h?
0
Let d = 147 - 59. Let t = 539 - d. What is the hundreds digit of t?
4
Suppose -3*g - 2*g - 1170 = 0. Suppose -4*w + 5*i + 1354 = 0, 5*i = 3*w + 3944 - 4952. Let x = g + w. What is the units digit of x?
2
Let g(n) = -n**3 + 8*n**2. Suppose -136 = -8*z - 0. Suppose 3*m - 4 - z = 0. What is the units digit of g(m)?
9
Let y(d) = 25*d**3 + 27*d + 7. Let q be y(4). Suppose q = 3*p + 2*h - 621, -p + h = -787. What is the hundreds digit of p?
7
Let c = -49 - -197. Let t be (-20)/4 + 1 + c. Suppose 0*o + 3*o = t. What is the units digit of o?
8
Suppose y + 3*o - 27 = 0, y = -2*y - 4*o + 101. Let b = y + -35. Suppose -207 = -b*q + 169. What is the units digit of q?
4
Let m(z) = z**3 - 8*z**2 + 8*z - 5. Let d be m(7). Suppose -2*p = 8, 5*j - 3*p - 52 = -10. Suppose -3*v = -3*o - 180, j + 2 = -d*o. What is the tens digit of v?
5
Suppose 3*l - 4*w = 660 + 12028, -5*l = -2*w - 21128. What is the thousands digit of l?
4
Suppose 0 = n - 2*n + 173. Let k be ((-12)/(-2))/((90/(-102))/(-15)). Let h = n - k. What is the units digit of h?
1
Let p(x) = -36*x + 69*x - 158 + 50. What is the hundreds digit of p(7)?
1
Suppose -139*d + 10 = -140*d. What is the tens digit of (-4)/(6 + d) - -88?
8
Let w be (-2)/(-6) - (-46)/(-3). Let d = w - -25. Suppose 0 = d*p - 680 - 940. What is the units digit of p?
2
Let v(u) = -303*u - 21. What is the thousands digit of v(-14)?
4
Let v = -784 + 1280. Suppose -2*n + 2*y + 806 = 0, 2*n = 3*y + v + 313. What is the hundreds digit of n?
4
Suppose -3*t = -4*j - 15 - 14, -t = 2*j + 27. Let k(p) = p**2 + 9*p - 13. Let w be k(j). Suppose 3 = -b + w. What is the units digit of b?
6
Let x = 7643 + -2005. Suppose 1993 = -9*w + x. What is the tens digit of w?
0
Suppose 3*c + 11 - 40637 = 3*z, 0 = 4*c + 5*z - 54132. What is the tens digit of c?
3
Suppose t + 3*v - 4579 = 0, 5*t - 9425 - 13506 = -3*v. What is the tens digit of t?
8
Let n be (-6 - -14)*-1 + 13. Let f(i) = 9*i**3 - 3*i**2 - 4*i - 17. What is the hundreds digit of f(n)?
0
Let k be (-2 - 0/(-2))*1. Let n be 5/k*(-168)/15. Suppose -4*j + 40 = n. What is the units digit of j?
3
Let l = -53 - -57. Let k be (-602)/(-210) - l/(-30). Suppose 4*d + 66 = -3*r + 4*r, -138 = -k*r - 3*d. What is the tens digit of r?
5
Let j = -7058 - -24529. What is the thousands digit of j?
7
Let q be ((-2)/(-6))/(10/(-480)*-4). Suppose q*h = -r + 1176, -5*r + h = 437 - 6212. What is the hundreds digit of r?
1
Let v be 9152/32 - (2 - 0). Let m = 313 - v. What is the tens digit of m?
2
Let x(j) = -j**3 - 31*j**2 + 32*j + 4. Let n be x(-32). Suppose n*k - 1076 = 148. What is the hundreds digit of k?
3
Let v = -39 - -41. Suppose -4*m - 13 = 3*c - 70, 0 = -v*c + m + 49. Suppose c*i - 30*i + 1085 = 0. What is the units digit of i?
5
Suppose 0 = 4*v + i - 30, -5*v + 14 = -i - 19. Suppose 12739 = v*z + 3226. What is the units digit of z?
9
Let o = 210 - 216. Let a(k) = -237*k + 170. What is the units digit of a(o)?
2
Let w = 28095 + -9593. What is the hundreds digit of w?
5
Suppose 4*o - 17586 = u, 876*o - 881*o + 4*u + 21966 = 0. What is the units digit of o?
8
Suppose 0 = 4*o + 6 - 14. Let f be o + -5*8/(-20). Suppose f*a - 35 - 121 = 0. What is the tens digit of a?
3
Let r = 124 - 124. Suppose 5*u - 1652 = 2*f - 6*f, r = 5*u + 5*f - 1655. What is the units digit of u?
8
What is the tens digit of (6 + (-27)/2 + 7)*-22014?
0
Let n be 6/4 + 11/22. Let d(k) = -3*k + 0*k**n - 209 + 3*k**2 + 212. What is the tens digit of d(3)?
2
Let m be (5/6)/5 + 106/12. What is the hundreds digit of (402/m)/(2/18)?
4
Let q be (16 - 8)/((1 + 1)*1). Suppose -q*x = 4, 1110 = -5*r + 9*r + 2*x. What is the hundreds digit of r?
2
Suppose -4*t + 5*s - 4 = 2, 0 = 5*t + 2*s - 9. Let l be t/((-26)/(-5) - 5). Suppose 10 = -l*n, 3*v + n + 41 = 4*v. What is the units digit of v?
9
Let r = -40 - -41. Suppose -a + r = 10. What is the units digit of 26/(-117) + (-1010)/a?
2
Let i(b) = 8*b**3 - 687*b**2 - 155*b + 213. What is the ten thousands digit of i(87)?
5
Let d(p) = -51*p + 4 - 59*p - 226*p + 28*p. What is the hundreds digit of d(-1)?
3
Let y(r) = r**3 + 6*r**2 + 2*r + 9. Suppose 3*m - 15 = 0, 3*m - 26 = t - m. Let f be y(t). What is the tens digit of (-1)/(f*2/66)?
1
Let v(d) = 76 - 4*d**2 - 17*d - 58 - d**2 + d**3. What is the tens digit of v(8)?
7
What is the units digit of (2 + 8/2)/((-36)/(-711))*98?
3
Suppose -20 = -4*a - t, -3*a + 3 = -t - 5. Suppose a*j - 9 = 63. What is the hundreds digit of (-3 + (-1266)/j)/((-1)/3)?
2
Suppose 0 = 3*f + 6, -f - 21 - 3 = 2*s. What is the tens digit of 31/2 + s/22?
1
Suppose 4863*k - 4860*k = 3*c + 209211, 5*c = 3*k - 209213. What is the tens digit of k?
3
Let d(l) be the first derivative of 7078*l**2 + l - 25 - 6*l - 7058*l**2. What is the tens digit of d(2)?
7
Suppose -5 = 4*r - h, -62*r + 58*r = -5*h + 25. Suppose -23*s - 10*s + 2277 = r. What is the units digit of s?
9
Let r(s) = 251*s**2 - 150*s - 3161. What is the ten thousands digit of r(-17)?
7
Let c = -97 + 96. Let h(j) be the first derivative of -24*j**4 + j**2/2 + j + 15. What is the units digit of h(c)?
6
Let z(r) = -r**3 + 20*r**2 - 39*r + 351. What is the hundreds digit of z(18)?
2
Let y = 18243 + -9242. What is the tens digit of y?
0
Let u be (32/(-5))/((-42)/(-1785)). Let m = 126 - u. What is the hundreds digit of m?
3
Let g = 57 - 55. Suppose 8 = 4*j - 2*j - q, 0 = -g*j - 3*q. Suppose -4*c + j*x + 823 = 0, 5*c = -x + 2*x + 1037. What is the tens digit of c?
0
Suppose 0 = -4*i, -10 = 2*m + 4*i - i. Let x(t) = 106*t - 10. Let p be x(m). What is the units digit of 2/11 - (p/55 - -4)?
6
Suppose 153*c + 107*c - 8293888 = 66*c. What is the hundreds digit of c?
7
Suppose -3*y + 26*y - 194392 = -65*y. What is the tens digit of y?
0
Suppose -25*t + 2038 = -7637. What is the tens digit of (-34)/(-8) + (-15)/60 + t?
9
Suppose 23*x = -11*x + 75684. Suppose x = 16*t - 2*t. What is the units digit of t?
9
Let h = -3701 - -23776. What is the tens digit of h?
7
Let o = 21 - 21. Suppose -37*k + 32*k + 380 = o. What is the units digit of k?
6
Let a(d) = -2*d**3 - 1. Let v(i) = -9*i**3 - 4*i**2 - 18*i - 84. Let b(m) = -4*a(m) + v(m). What is the tens digit of b(-7)?
9
Let o(f) = f - 11. Let r be o(15). Let h(v) = -v**3 + 5*v**2 - 4*v + 4. Let w be h(r). Suppose 0 = w*b, -a + 4*b + 286 = b. What is the tens digit of a?
8
What is the ten thousands digit of (-2 + (-708448)/48)*(-4)/((-24)/(-9))?
2
Suppose -3*a = 5*h - 1627, -51 = -h + 5*a + 280. Let l(v) = -2*v**3 + 12*v**2 - 6*v - 14. Let n be l(5). What is the units digit of (h/n)/(11/33)?
3
Let h(m) = 0*m + 2 + 5*m + 42*m**2 - m + 44. What is the units digit of h(6)?
2
Let y be ((-286)/(-3))/((-1)/48). Let m be y/66 + (1 - 4/6). Let v = 47 - m. What is the units digit of v?
6
Suppose 4*v - 10 = -0*v - t, -2*v = -2*t - 10. Su